z, -w + 1 = 2*z. Suppose 0 = -3*a - 4*n + w*n + 28, 3 = 3*n. Let i = a + -5. List the prime factors of i.
2
Let a(u) = 3*u**2 - u**3 - u - 2*u**2 + 5 + 4. Let q(z) = -z**3 - 16*z**2 - 16*z - 15. Let y be q(-15). List the prime factors of a(y).
3
List the prime factors of 108*(0 - 4)/(-8).
2, 3
Suppose 18 = y + r + 2*r, -2*r - 44 = -4*y. Suppose -3*o - 2*d + 18 = -5*d, y = -4*d. List the prime factors of o.
3
Let i(x) = -3*x + 1. Let j be i(-3). Let m = 47 + -27. Let q = m - j. List the prime factors of q.
2, 5
Let z = 13 + 19. List the prime factors of z.
2
Let a = -14 - -16. Let i(h) = 9*h**2 + 2*h + 1. What are the prime factors of i(a)?
41
Let o(z) = -3*z**3 - 6*z**2 - 4*z + 1. List the prime factors of o(-3).
2, 5
Let g(p) = -p + 12. Let c be (-2)/(-1)*6/1. Suppose -3*s + c = -s. What are the prime factors of g(s)?
2, 3
Suppose 0*n + 115 = 5*n. Let y = n - 7. What are the prime factors of y?
2
Let g(f) = 18*f**2 - f. What are the prime factors of g(1)?
17
Let o(s) = s**2 + 5*s - 9. Let c be o(-7). Suppose w - 2*r - 3*r - 45 = 0, 0 = -c*r - 15. Suppose 6*d = d + w. List the prime factors of d.
2, 3
Suppose -15*c + 561 = -4*c. What are the prime factors of c?
3, 17
Let m = 12 + -13. List the prime factors of m/((-2 - 1)/63).
3, 7
Let c(n) = -2 + 6*n - 7*n**2 + 0*n**3 + n**3 + 0*n**3. Let r be c(6). Let m = r + 6. What are the prime factors of m?
2
Let c = -2 + 2. Suppose n = 3 - c. List the prime factors of n.
3
Suppose -3*d = -4*d + 84. What are the prime factors of d?
2, 3, 7
Let q = 4 - 4. Suppose 4*g - 56 = -q*g - 2*h, h = -5*g + 76. List the prime factors of g.
2
Let p(r) = 5*r**2 - 10*r + 5. Let q(n) = -4*n**2 + 9*n - 5. Let c(g) = 3*p(g) + 4*q(g). Let d be c(6). Let a = 10 + d. List the prime factors of a.
5
Let c(r) = r**2 - 5*r - 10. Let w be c(7). Suppose -3*h + w*x + 9 = 0, -5*h + 8 = -5*x - 2. Let k = h + 4. List the prime factors of k.
3
Let p(r) be the first derivative of 1/2*r**2 + 3*r - 3. What are the prime factors of p(5)?
2
Let j be 3/(-2) + (-18)/(-4). Suppose j*u = 2*u + 3. What are the prime factors of u?
3
Suppose 0 = 4*q - k - 140, 0 = -5*q - 2*k - 3*k + 200. What are the prime factors of q?
2, 3
Let s(r) be the third derivative of 0*r + 0 + 1/60*r**5 - 1/2*r**3 - 1/4*r**4 + 4*r**2. What are the prime factors of s(7)?
2
Suppose y + 3 = 4*i - 0, -27 = -i - 5*y. Suppose i*w + 0 = 10. List the prime factors of w.
5
List the prime factors of (2737/(-69))/(8/(-6) - -1).
7, 17
List the prime factors of -1 + -1 - (-1 + -5).
2
Let a = 3 + -3. Suppose a = -0*i - i + 2. List the prime factors of i.
2
Let n = 22 - 4. Suppose 5 = -p + n. What are the prime factors of p?
13
Let v be 1 + 0 - (-31 - 12). Let p = 71 - v. List the prime factors of p.
3
Let c(g) = g + 5. Let f be c(-6). Let o = 23 + f. Let y = o - 12. What are the prime factors of y?
2, 5
What are the prime factors of (90/(-5))/(6/(-8))?
2, 3
Suppose 5*x = d - 22, -2*d - 3 - 5 = 3*x. Suppose -5*i - u = -13, -5*i - 4 = -4*u - d. What are the prime factors of i?
2
Let f(v) be the second derivative of v**5/20 + 7*v**4/12 - 2*v**3/3 - 5*v**2/2 + 5*v. List the prime factors of f(-7).
23
Let o(d) = d**3 - 3*d**2 - 9*d + 3. Let t(z) = z**3 - 4*z**2 - 8*z + 2. Let g(b) = -2*o(b) + 3*t(b). What are the prime factors of g(7)?
7
Suppose -40*s + 43*s - 558 = 0. What are the prime factors of s?
2, 3, 31
Suppose -8*t = -7*t - 35. What are the prime factors of t?
5, 7
List the prime factors of (-5 + (0 - 0))*-40.
2, 5
Suppose 3*q = 8*q - 65. List the prime factors of (-4983)/(-143) + 2/q.
5, 7
Suppose 0 = 7*d - 9*d + 126. List the prime factors of d.
3, 7
Let n be 48/20 - (-4)/(-10). Let u be n/((-48)/(-21) - 2). Let v = 4 + u. List the prime factors of v.
11
Let f = -1710 - -2508. List the prime factors of 2/9 + f/54.
3, 5
Let t = 19 + -20. What are the prime factors of 39*(1 + -1 - t)?
3, 13
Let b = 16 - -9. List the prime factors of b.
5
Let a be 20/9 - (-2)/(-9). Suppose 34 + a = 2*k. Suppose -u - 5 = -k. List the prime factors of u.
13
What are the prime factors of (558/6)/(-1 + 2)?
3, 31
Let c(i) = -6*i - 10. Let g be c(-7). Let v = 2 + -1. Suppose 0 = -4*y + 3*k + 29, k = 4*y - g + v. List the prime factors of y.
2
List the prime factors of (-95)/((-4)/12*3).
5, 19
Suppose -p + 6*p = 0. Suppose p*j - 3*j = -45. List the prime factors of j.
3, 5
Let v = -7 + 14. Suppose 5*s - v*s + 94 = 0. List the prime factors of s.
47
Let m be (-16)/(-2) + -14 + 11. Suppose -p - 4*v + 33 = 0, -2*p = -m*p - 4*v + 139. What are the prime factors of p?
53
Suppose -94 + 2 = -4*f. List the prime factors of f.
23
Let l(t) = t + 0*t - 2 + t - 4*t - 7*t**2 - t**3. Let h be l(-7). What are the prime factors of 4*(-2)/h*-3?
2
Suppose 5*v - 301 - 317 = 2*w, 3*w = v - 121. What are the prime factors of v?
2, 31
Let q(z) = -2*z - 1. Let r be q(1). Let p be (-2)/r + (-2)/(-6). List the prime factors of 3 + (1 - p/1).
3
Suppose -6*o = -5*o - 25. List the prime factors of o.
5
What are the prime factors of (-108 - -13)/(0 + -1)?
5, 19
Suppose d + 10 = 2*d. Let w(u) = u + 5. Let b be w(-9). Let l = d + b. List the prime factors of l.
2, 3
Let i = -9 - -41. List the prime factors of i.
2
Suppose -2*c + 2 = -4. Let j be -5*(-2)/2 - c. Suppose 42 = j*m + m. List the prime factors of m.
2, 7
Suppose 5*p + 1 = 31. List the prime factors of ((-2)/p)/((-2)/78).
13
Let h(n) = n**3 - 6*n**2 + 5*n + 4. Let u be h(5). Suppose 2*g + 16 = 6*g. Suppose 0 = f - r - g*r + 17, 4*f - 4*r + u = 0. What are the prime factors of f?
3
Let w be (-6)/(-1) - (5 + -4). Suppose 0 = 6*z - w*z - 11. What are the prime factors of z?
11
Let l(k) = -k**3 - 6*k**2 - 6*k - 3. Let u be l(-5). Suppose -4*o - 84 = -4*g + 96, -3*o = u*g - 80. List the prime factors of (-10)/(-45) - g/(-9).
5
Suppose -2*f + 0*f = -10. Suppose 57 - 7 = f*k. List the prime factors of k.
2, 5
Let u(o) = 3*o**2 + 10*o + 1. Let t(r) = -2*r**2 - 5*r. Let j(m) = 5*t(m) + 3*u(m). Let f = -6 + 11. What are the prime factors of j(f)?
3
Let w = -30 - -45. Suppose 0 = -4*j - j + w. List the prime factors of j/((-4)/(64/(-6))).
2
Suppose 15*a - 16*a = -8. What are the prime factors of a?
2
Let y(s) = s**2 - 15*s - 4. Let b be y(7). Let k = b + 95. What are the prime factors of k?
5, 7
Suppose 5*n = -9 - 16. List the prime factors of (-57)/(-4) - n/(-20).
2, 7
Suppose 0 = -n + 3. Suppose 5*f + 4 = l - 8, n*l - 16 = -5*f. Suppose k = 3*z - 31, z - l = 2*k - 0. List the prime factors of z.
11
Let l(r) = -12*r - 18. Let h(n) = n + 1. Let m(k) = -10*h(k) - l(k). List the prime factors of m(9).
2, 13
Let d = 24 + -22. Suppose -3*q - d*t = -0*q - 87, -4*q + 116 = -2*t. What are the prime factors of q?
29
Suppose 3*i - 8*i = -175. List the prime factors of i.
5, 7
Let a = 8 - 6. Let u be -1 + a + (0 - -4). Suppose 0 = u*s - 3*s - 24. List the prime factors of s.
2, 3
Let i(t) be the third derivative of -t**5/60 + t**4/3 - 3*t**3/2 + 2*t**2. List the prime factors of i(6).
3
Let u(a) = -a - 1. Let q be u(0). Let g(c) = -c + 1. Let l be g(q). List the prime factors of (l/(-3))/((-3)/18).
2
Let m = -51 + 139. List the prime factors of m.
2, 11
Suppose 2*m - 22 - 92 = 0. Suppose 0*z - 3*z + m = 0. List the prime factors of z.
19
Suppose 0 = 3*f - 3 - 3. Suppose -2*x - 4*w = -7*x - 53, -4*x + 3*w = 42. What are the prime factors of f/x - (-152)/36?
2
Let b be (12/(-14))/(5/35). Let w = b - -11. What are the prime factors of w?
5
Let c(x) = x**3 + x**2 - x - 1. Let m be c(0). Let g = -5 - -7. List the prime factors of (g/5)/(m/(-10)).
2
Let j(q) be the second derivative of -1/20*q**5 + 5/12*q**4 + 0 + 0*q**2 + 2*q + 1/6*q**3. What are the prime factors of j(5)?
5
Suppose 4*h = -7 - 1. Let q = h + -2. List the prime factors of ((-2)/q)/(1/42).
3, 7
What are the prime factors of 50/(17/10 + (-3)/2)?
2, 5
Suppose -4*g + 6*n + 137 = n, -2*g + n = -61. What are the prime factors of g?
2, 7
Suppose 0 = -3*z, v + 5*z + 140 = 5*v. List the prime factors of v.
5, 7
Suppose 2*n - 12 = 6*n. Let t(c) = 3*c**2 - 2*c. What are the prime factors of t(n)?
3, 11
Let p(u) = -u**3 - 5*u**2 - 5*u - 2. Let v be p(-6). Suppose n + v = 3*n. List the prime factors of n.
2
Let f = 22 + 25. Suppose -5*v + f = -0*b - b, -5 = v - 5*b. List the prime factors of v.
2, 5
Suppose -8*t - 64 + 2560 = 0. What are the p